1 + 8*m + 0 - 3. Determine c(7).
15
Let m(y) = -25*y**2 + 5*y + 5. Let s(z) = 12*z**2 - 3*z - 3. Let g(w) = -3*m(w) - 5*s(w). Suppose 0 = 5*n + 169 - 164. Calculate g(n).
15
Suppose 2 = 9*r - 16. Suppose 3*d - 5*d + 3*s = 27, -2*s = -r*d - 22. Let b(j) = -j**2 - 4*j + 7. Calculate b(d).
-5
Let b(z) = -z**3 - 8*z**2 - 8*z. Suppose 4*l + 18 - 6 = u, -5*u + 14 = 3*l. Suppose c = -2*n - 7, 3*n + 23 = -u*c - 5. Determine b(c).
7
Let f(x) be the second derivative of x**3/6 + 4*x**2 + x. Suppose 5*p - 2*q = 49, q + 12 = 5*q. Suppose 0 = -3*m - v - 13 - 7, -2*m - 3*v - p = 0. Give f(m).
1
Let r(v) = -v**2 + 12*v. Let q be r(12). Let y be 0 + (-1 - q - -3). Let l(c) = -c**3 - 7 - 4*c**2 + 4 + y. What is l(-3)?
-10
Let t(d) = -d**2 + 9*d + 4 + 0 - 3*d + 7 - 12. Give t(-5).
-56
Let t(w) = 18 - 63*w - 62*w + 196*w - 68*w. Determine t(-5).
3
Suppose -6 = -3*u + 12. Suppose -u*i = 6*i - i. Let s(d) = -3*d + 2*d + 2*d. What is s(i)?
0
Let z be (-2)/(2 + -3) - -3. Let q(k) be the third derivative of -1/60*k**5 - 2/3*k**3 + 6*k**2 + 1/4*k**4 + 0*k + 0. Give q(z).
1
Suppose 0 = 5*c + v + 13, v = -2*c - 0*c - 4. Let w(s) = 84*s**2 - 24*s**2 - 32*s**2 + 2*s**3 - 23*s**2 + 4*s + 2. Give w(c).
-19
Let q(t) = -4*t - 2*t + 3*t. Let l(f) be the third derivative of f**5/60 - 5*f**4/8 + 4*f**3 + 8*f**2. Let c be l(13). What is q(c)?
6
Suppose 4*g + x = 20, 5*g + 2*x - x = 26. Let l(k) = 7*k - 7 - 3 - 14*k + g*k. Give l(-7).
-3
Let y(z) be the first derivative of -z**4/4 - 2*z**3 - 2*z**2 - 3*z - 12. Let o(p) = -2*p**3 - 13*p**2 - 8*p - 6. Let c(w) = 4*o(w) - 9*y(w). Calculate c(-2).
-5
Let g(h) = -h**3 + 11*h**2 - 13*h - 39. Let v be g(9). Let c(r) = 7*r - 8. What is c(v)?
34
Let u be (-102)/34*((-20)/6)/2. Let t(y) = y**2 - 4*y + 6 + 0*y - y. Give t(u).
6
Let n(p) = p**3 + p. Let s(u) = -4*u**3 + 7*u**2 - 10*u + 2. Let l(x) = 3*n(x) + s(x). Give l(6).
-4
Let b(d) = -19*d. Let t = 536 - 535. Calculate b(t).
-19
Let z(l) be the third derivative of -l**4/12 - l**3/3 - 14*l**2. Let y = -13 - -18. Let v = -9 + y. Give z(v).
6
Suppose 0 = -4*x + 2*x + 4. Let i(b) = -11*b**2 - b + 3. Let l(q) = 4*q**2 - q. Let g(v) = i(v) + 3*l(v). Give g(x).
-1
Let i = 12 - 10. Let k(a) = 8*a + a**i + 2*a**2 - 4*a - 2*a**2 + 2. Calculate k(-4).
2
Suppose 2*t - 12 = 3*m + 4, -4*m = -t + 18. Let l(i) = -3*i - 10. Give l(m).
2
Let u be (-3)/((-60)/(-532)) - (-3)/5. Let g = 25 + u. Let c(w) = 2*w**2 - w + 2. Let d(j) = j - 1. Let f(k) = -c(k) - d(k). Determine f(g).
-3
Let t(d) = -5*d**3 - 14*d**2 - 10*d + 12. Let g(s) = -2*s**3 - 5*s**2 - 3*s + 4. Let f(b) = -8*g(b) + 3*t(b). Let j be (-4)/(-1)*4/(1 - -3). Give f(j).
12
Let v(t) = -t - 2. Let w be v(-3). Let m(y) = 0*y**2 + 4*y**2 + w - 3*y**2 - y. Determine m(0).
1
Let z(y) = 5*y**3 + 9*y**2 - 18*y + 7. Let o(g) = -3*g**3 - 5*g**2 + 10*g - 4. Let c(k) = 7*o(k) + 4*z(k). Determine c(2).
-8
Let y(d) be the third derivative of -d**6/120 + 2*d**5/15 - 4*d**3/3 + 28*d**2 - 1. Suppose 8 = 5*u - 4*u. Calculate y(u).
-8
Let l(t) = -t + 6480*t**2 + 3 + t**3 - 6483*t**2 - 9. Give l(3).
-9
Let b(l) be the second derivative of -l**5/20 + 7*l**4/12 - 5*l**3/6 - 3*l**2/2 + 3*l - 12. Determine b(6).
3
Let r = -10 - -3. Let y(p) = 4*p**3 + 4*p**2 - 4*p - 5. Let u(w) = -w**3 + w**2 + w - 1. Let q(k) = -3*u(k) - y(k). Give q(r).
1
Let j(q) = -q**3 + 8*q**2 + 9*q + 1. Suppose p + 0 + 11 = 5*m, 4*p = -2*m + 44. Give j(p).
1
Let n(f) = -2*f**3 - 9*f**2 + 13*f - 26. Let o(l) = l**3 - l + 3. Let x(d) = n(d) + 3*o(d). What is x(8)?
-1
Let w(p) = 2*p + 4. Let i be w(-2). Let x(o) be the third derivative of -1/8*o**4 - 1/3*o**3 + 5*o**2 - 1/60*o**5 + i + 0*o. Give x(-4).
-6
Let f(j) be the first derivative of j**3/2 + j**2 + 4*j - 10. Let u(r) be the first derivative of f(r). Give u(-6).
-16
Suppose 3*a + 4 = 2*q, -5*a = -0*q + 2*q - 20. Suppose 5*g = a*g - 9. Let m(k) = -k**3 - k**2 + 3*k - 2. Give m(g).
7
Let m(y) = -3*y - 1. Let c(p) = 8*p + 10. Let r(o) = -c(o) - 6*m(o). Determine r(2).
16
Let t(w) = 46*w - 95*w + 51*w + 8 - w**2. What is t(0)?
8
Suppose 5*o - 394 = -394. Let p(g) = g - 9. What is p(o)?
-9
Let t = -11 - -5. Let u = 10 + t. Let q(r) = -4*r + u*r + 3*r. Determine q(-2).
-6
Suppose -294 = -12*f + 42. Let c(j) = -1 + 36*j - 61*j + f*j. Give c(-1).
-4
Let o = -961 + 946. Let c(h) = h + 22. Calculate c(o).
7
Let j(z) = -5 + 2820*z**3 - 5634*z**3 + 5*z - 8*z**2 + 2815*z**3. Let g = -2 + 9. What is j(g)?
-19
Let j(g) = g**2 + g + 1. Let x(c) = -5*c**2 - 5*c - 5. Let o(m) = 4*j(m) + x(m). Let k(s) = -2*s**2 - 2*s - 5. Let t(b) = -k(b) + 3*o(b). Calculate t(4).
-18
Let v be 1/8*22*4. Let x = 74 + -57. Let j = v - x. Let o(h) = h + 2. Determine o(j).
-4
Let r(b) = -b**3 + 6. Let c be ((-20)/70 + (-13)/(-21))*0. Suppose c = -5*d - u, -3*d - 2*u = -u. Calculate r(d).
6
Let j(l) be the first derivative of -3*l**2 + 5*l + 69. Calculate j(5).
-25
Suppose -203*u + 189*u = 0. Let s(t) be the third derivative of 1/6*t**3 + 1/60*t**5 + u*t - 1/24*t**4 + 12*t**2 + 0 + 1/120*t**6. Determine s(0).
1
Let h(u) = u**2 - 6*u + 5. Suppose 8*j = 10*j - 10. Suppose -42 = j*x - w - 0*w, 3*x = 2*w - 21. Let b = 14 + x. Determine h(b).
0
Suppose 0*x = 5*x - 30. Let c = 2 - -2. Let t(s) = -s**2 + 5*s + 6*s**2 - c*s**3 + 3*s**3 - 6 + 0*s**3. Calculate t(x).
-12
Let o be 10/4*-4*(-2)/5. Let x(k) = o + 7 - 10 + k. Let n be (-2)/((-4)/(-6)) - -1. What is x(n)?
-1
Let f(q) be the first derivative of -q**4/4 + 8*q**3/3 - 4*q**2 + 8*q - 1. Let y(r) = r - 8. Let z be y(15). Calculate f(z).
1
Let o be (-2 - (-37 - 0)) + 3. Suppose -y = 4*k + 4*y - 11, o = 2*k - 4*y. Let p(s) = k - 4 + 0*s + 3*s - 4*s. Give p(6).
-1
Suppose -3*q = 3, 8*q - 4*q = r - 9. Suppose 0*i - 4*u = 2*i + 6, -5 = -r*i - 5*u. Let k(c) = 6 + c - 4*c + c - c**2 + 4*c. Calculate k(i).
-9
Let x(b) = 6*b - 4*b**2 + 3 - 6 - b**3 + 0 - 1. Suppose 3*i = 101 - 116. Determine x(i).
-9
Let a be (12 + -2)*2/5. Let o(t) be the first derivative of 5*t**3/3 + t**2 - 5*t + 25. Let k(s) = 10*s**2 + 4*s - 9. Let i(f) = a*k(f) - 7*o(f). Give i(1).
6
Let o(q) = -4*q**2 - 4*q - 5 - 1 + 6 - 3. Let l = 16 + -18. Calculate o(l).
-11
Let u(d) be the third derivative of -d**6/120 - d**5/10 + 7*d**4/24 - d**3/3 - 68*d**2 - 2. Let v be (-14)/1*1/2. Determine u(v).
-2
Suppose -l + 4*d = -3, -6 = -3*l - d + 3. Let i be (5/(-10))/((-1)/4). Let x(b) = 0*b**2 - 2 + 0*b**2 - 2*b**i + 5*b - b**2. Give x(l).
-14
Let i(x) be the second derivative of -x**3 + 13*x**2 - 436*x. Give i(6).
-10
Let r(b) = -b**3 - 24*b**2 + 54*b + 50. Let h be r(-26). Let n(x) = -2*x**2 + 6. What is n(h)?
-2
Let k(s) = 2*s - 1. Suppose 3*u = -15, 3*r - 4*u - 29 = -0*r. Suppose 4*y + r = 5*y. Give k(y).
5
Let q = 13 - -26. Suppose q = -8*f - 9. Let s(w) = -2*w. Calculate s(f).
12
Suppose 10*u - 6 - 44 = 0. Let x(d) = -d**3 + 5*d**2 - 12. Let h be x(u). Let k(c) = c**3 + 11*c**2 - 13*c - 12. Give k(h).
0
Let j(u) be the third derivative of -u**9/60480 - u**8/20160 - u**6/360 + u**5/12 + 4*u**2. Let f(w) be the third derivative of j(w). Calculate f(0).
-2
Suppose -3*v + 241 = -5*m, -2*v + 114 + 45 = -3*m. Let x = -78 + v. Let f(p) be the first derivative of -p**2/2 - 2*p + 1. Determine f(x).
4
Suppose 0 = -4*o + 2*k + 3*k + 64, 3*o - 4*k = 48. Suppose -v = -3*v - o. Let j(q) = q**2 + 8*q. What is j(v)?
0
Let t(u) = u - 2. Suppose -2*j + 4*b = -10, -10*b + 11*b = -5*j + 25. Give t(j).
3
Let p(u) = -3*u**3 + 14*u**2 + 6*u - 14. Let d(x) = -7*x**3 + 28*x**2 + 7*x - 29. Let i(o) = -2*d(o) + 5*p(o). What is i(15)?
3
Let b(l) = -l**3 - 11*l**2 - 9*l - 1. Let o be (-2)/(-8) + (-260)/16 + 6. Calculate b(o).
-11
Let h(c) = 37*c**2 + 15*c + 21. Let u(q) = -43*q**2 - 14*q - 20. Let a(w) = -7*h(w) - 6*u(w). Determine a(-20).
-7
Let r = 35 + -35. Suppose -2*m - 4 = -r. Let c(j) = -j**2 - 2*j - 2. Calculate c(m).
-2
Suppose 0 = -2*f - 8, 5 = -0*i - 3*i + f. Let a(y) = 5*y - 2*y - 2*y + 0*y. Determine a(i).
-3
Let d(h) = -15*h**3 + h**2 - 2*h + 1. Let x = 53 - 52. Determine d(x).
-15
Let w(h) = -h - 24*h**2 + 10*h**2 + 15*h**2 + 2*h - 8. Give w(0).
-8
Let u(j) = -4*j - 5. Suppose 2*i - 36 = -42. Give u(i).
7
Let r be (-144)/16 - (-2)/1. Suppose -3*l = -0*l + 3*g - 6, -5*l = -5*g + 10. Let s(n) = l + 4 + 0 - 2 + 2*n. Give s(r).
-12
Let v(s) = -2*s - 3. Let t(x) = x + 1. Let p(o) = -3*t(o) - v(